ber?
False
Is 297437 prime?
False
Is 66029 a composite number?
False
Is 2657429 a composite number?
False
Is 31235 a prime number?
False
Is 1691 a composite number?
True
Is 58165 a composite number?
True
Is 7867 composite?
False
Is 47737 a composite number?
False
Is 15685 a composite number?
True
Is 1382 composite?
True
Is 1219991 composite?
False
Is 40949 prime?
True
Is 456727 a prime number?
True
Is 4841 composite?
True
Is 13813 composite?
True
Is 110509 a prime number?
False
Is 2939 prime?
True
Is 10677 composite?
True
Is 1400081 a composite number?
False
Is 3787 prime?
False
Is 2395009 a composite number?
False
Is 17093 a composite number?
False
Is 794449 a composite number?
False
Is 377459 prime?
True
Is 839 a prime number?
True
Is 423511 a prime number?
False
Is 131059 prime?
True
Is 15529 a composite number?
True
Is 7543 a composite number?
True
Is 4251919 a prime number?
False
Is 72997 a prime number?
True
Is 180097 a composite number?
False
Is 797 a composite number?
False
Is 1125457 prime?
False
Is 437 prime?
False
Is 195467 composite?
True
Is 5791 a prime number?
True
Is 13954 a composite number?
True
Is 134947 a prime number?
True
Is 39157 a composite number?
False
Is 31469 prime?
True
Is 128057 prime?
False
Is 74257 a prime number?
True
Is 27509 prime?
True
Is 64789 composite?
True
Is 179 a prime number?
True
Is 29613 a composite number?
True
Is 63815 a composite number?
True
Is 494549 a composite number?
True
Is 7717 a composite number?
False
Is 599273 a prime number?
True
Is 2295841 composite?
False
Is 2393 prime?
True
Is 9502 prime?
False
Is 3261 composite?
True
Is 1513838 prime?
False
Is 14397 composite?
True
Is 80915 a composite number?
True
Is 67103 composite?
False
Is 106409 prime?
False
Is 19831 a composite number?
True
Is 250583 a composite number?
False
Is 303679 prime?
True
Is 35567 composite?
True
Is 139109 a prime number?
True
Is 26689 prime?
False
Is 2503 composite?
False
Is 285823 a composite number?
False
Is 863 a prime number?
True
Is 321623 composite?
True
Is 4573 composite?
True
Is 165961 prime?
True
Is 4069487 a prime number?
True
Is 364439 a prime number?
False
Is 5513 prime?
False
Is 11507 prime?
False
Is 13443 composite?
True
Is 5261 a composite number?
False
Is 10211 prime?
True
Is 51923 a prime number?
False
Is 1171847 prime?
True
Is 37951 a prime number?
True
Is 7087 a prime number?
False
Is 1761911 a prime number?
True
Is 374345 a prime number?
False
Is 217643 a prime number?
True
Is 77619 a composite number?
True
Is 182465 a prime number?
False
Is 89959 composite?
False
Is 220757 a composite number?
False
Is 202267 prime?
False
Is 78929 composite?
False
Is 627479 prime?
True
Is 35797 composite?
False
Is 21377 a prime number?
True
Is 653143 composite?
False
Is 789593 composite?
True
Is 2633 a prime number?
True
Is 1267633 a composite number?
False
Is 12373 a composite number?
False
Is 10727 a prime number?
False
Is 66967 composite?
True
Is 249647 prime?
True
Is 19031 composite?
False
Is 221029 prime?
False
Is 73519 prime?
False
Is 130763 composite?
True
Is 60859 prime?
True
Is 8039 composite?
False
Is 1217761 a prime number?
False
Is 5737 a composite number?
False
Is 10531 composite?
False
Is 879199 a prime number?
True
Is 180749 composite?
False
Is 7829 composite?
False
Is 263489 a prime number?
True
Is 225263 composite?
False
Is 184057 a composite number?
False
Is 26329 composite?
True
Is 132911 a composite number?
False
Is 289585 prime?
False
Is 147949 composite?
False
Is 295727 composite?
False
Is 519 prime?
False
Is 30361 a composite number?
True
Is 3299 a prime number?
True
Is 9935 a prime number?
False
Is 7603 prime?
True
Is 557 a composite number?
False
Is 471 a prime number?
False
Is 902137 prime?
True
Is 18787 prime?
True
Is 30029 prime?
True
Is 185 prime?
False
Is 122747 a prime number?
False
Is 337 composite?
False
Is 449 a composite number?
False
Is 9601 composite?
False
Is 1883573 composite?
False
Is 22267 prime?
False
Is 15563 prime?
False
Is 75323 composite?
False
Is 1037041 a composite number?
False
Is 244817 composite?
True
Is 5403 a prime number?
False
Is 40141 a composite number?
True
Is 6220813 composite?
False
Is 520433 composite?
False
Is 766283 a prime number?
False
Is 422911 a composite number?
False
Is 26687 composite?
False
Is 74299 prime?
False
Is 98999 a prime number?
True
Is 66103 composite?
False
Is 4629 a prime number?
False
Is 859783 composite?
False
Is 351841 a composite number?
True
Is 15441 prime?
False
Is 15949 a composite number?
True
Is 59093 composite?
False
Is 307 prime?
True
Is 250507 composite?
True
Is 33827 a prime number?
True
Is 1343293 prime?
False
Is 23501 a prime number?
False
Is 1371 a composite number?
True
Is 26121 composite?
True
Is 548719 a prime number?
True
Is 138283 prime?
True
Is 1979 a composite number?
False
Is 355883 composite?
True
Is 16837 prime?
False
Is 493873 composite?
False
Is 9983 composite?
True
Is 68345 a composite number?
True
Is 73001 composite?
True
Is 50147 a prime number?
True
Is 966803 a prime number?
True
Is 909617 a composite number?
True
Is 58177 composite?
True
Is 28115 a composite number?
True
Is 47459 a prime number?
True
Is 15493 a prime number?
True
Is 21517 a prime number?
True
Is 25287 composite?
True
Is 1696097 a prime number?
False
Is 3046 prime?
False
Is 12239 a composite number?
False
Is 3571 composite?
False
Is 625441 a composite number?
True
Is 95293 a composite number?
True
Is 110707 composite?
True
Is 43 a composite number?
False
Is 423457 a prime number?
True
Is 460249 a composite number?
True
Is 170327 prime?
True
Is 4669861 a composite number?
True
Is 171037 a prime number?
False
Is 434807 prime?
True
Is 370639 composite?
True
Is 152777 prime?
True
Is 8962 a composite number?
True
Is 28937 a prime number?
False
Is 18481 a prime number?
True
Is 18839 prime?
True
Is 3683 a composite number?
True
Is 456415 prime?
False
Is 2933 a composite number?
True
Is 7853 composite?
False
Is 95971 composite?
False
Is 219169 composite?
False
Is 1105406 a composite number?
True
Is 3281 prime?
False
Is 26237 composite?
False
Is 16483 a prime number?
False
Is 4911457 composite?
True
Is 1137629 a composite number?
False
Is 15493 a prime number?
True
Is 12889 composite?
False
Is 3455 composite?
True
Is 7183 a composite number?
True
Is 1472201 prime?
False
Is 5497 prime?
False
Is 266641 prime?
True
Is 53182 a prime number?
False
Is 481997 prime?
True
Is 57353 a composite number?
True
Is 82921 a composite number?
True
Is 2563 composite?
True
Is 876083 prime?
False
Is 743 a prime number?
True
Is 547217 composite?
True
Is 43 prime?
True
Is 33329 a prime number?
True
Is 836597 prime?
False
Is 22915 composite?
True
Is 387839 a prime number?
True
Is 231711 a prime number?
False
Is 375743 a composite number?
False
Is 56083 composite?
True
Is 1919651 a composite number?
True
Is 60739 a composite number?
True
Is 96731 prime?
True
Is 121399 a prime number?
False
Is 4855 a prime number?
False
Is 48549 composite?
True
Is 92623 prime?
True
Is 111611 a prime number?
True
Is 8935 prime?
False
Is 19531 composite?
False
Is 72019 composite?
False
Is 129547 prime?
False
Is 243937 a composite number?
True
Is 464617 a prime number?
True
Is 4553623 prime?
True
Is 86837 a prime number?
True
Is 8731 composite?
False
Is 52021 prime?
True
Is 966047 a prime number?
False
Is 5791 a prime number?
True
Is 43391 composite?
False
Is 162559 a composite number?
True
Is 9661 composite?
False
Is 293 a prime number?
True
Is 485 composite?
True
Is 42131 composite?
False
Is 331 prime?
True
Is 5345 composite?
True
Is 1212389 prime?
False
Is 787 composite?
False
Is 45233 composite?
False
Is 40873 composite?
True
Is 4259 a composite number?
False
Is 738307 a composite number?
True
Is 403133 a prime number?
True
Is 981997 prime?
False
Is 2327 composite?
True
Is 400457 a composite number?
False
Is 2526647 a composite number?
False
Is 11987 a composite number?
False
Is 398731 a composite number?
False
Is 2243 prime?
True
Is 38929 a prime number?
False
Is 1728761 composite?
False
Is 63577 composite?
False
Is 3615337 a composite number?
True
Is 96941 a composite number?
True
Is 19303 prime?
False
Is 1346 a composite number?
True
Is 94771 prime?
True
Is 2293 composite?
Fal